) be the second derivative of 3*y**4/4 + y**3/3 - y. Let k be m(1). What is the greatest common factor of 99 and k?
11
Let o be (-4)/(3/2 + -1). Let l be 450/(-20)*o/6. Calculate the highest common divisor of 15 and l.
15
Let b(h) = -h + 8. Let t be b(4). Suppose 2*k = t*a - 8, -a + 6*a = -3*k + 32. Suppose 10 = 2*p - a. What is the greatest common divisor of p and 21?
7
Let o be 652/20 - (-6)/(-10). Calculate the highest common factor of o and 16.
16
Suppose 4*q - 176 = -4*j, -j = -2*q + j + 88. Calculate the greatest common divisor of 11 and q.
11
Let o(l) = -l**3 - 6*l**2 + 5. Let g be o(-6). Let z = g - -60. What is the highest common factor of z and 26?
13
Let l(i) = i**2 + 7*i - 8. Let o be l(-7). Let j = o + 11. Calculate the highest common divisor of 3 and j.
3
Let q be (-28)/(-12)*(4 - -35). Calculate the highest common factor of q and 13.
13
Let d = 69 + -18. What is the highest common factor of d and 459?
51
Let r be 100/7 + 4/(-14). Suppose -b - u + 4 = -r, -3*b + u = -38. Calculate the greatest common divisor of 42 and b.
14
Suppose k + 2*f = 3*k - 12, 3*k = -5*f + 18. Let d be k/(-27) - 1896/(-27). What is the greatest common factor of d and 28?
14
Let z(s) = s**3 + 3*s**2 - s + 3. Let t be z(-4). Let v be (-3)/t + 53/3. Calculate the highest common factor of 2 and v.
2
Let y be 3/((-9)/(-6)) + -2. Suppose y*b - k + 39 = b, -2*k = 2. Suppose -3*d = d - 20. Calculate the highest common divisor of d and b.
5
Let s be (-4)/((-40)/2) + 138/10. What is the greatest common factor of s and 42?
14
Let o(p) = 6*p**2 + 28*p - 17. Let j be o(7). Calculate the greatest common divisor of 43 and j.
43
Suppose -3*v + 20 = -40. Calculate the greatest common divisor of 140 and v.
20
Let u(k) = k**2 - 5*k + 8. Let t be 11/2 + 1/2. Let i be u(t). Suppose -3*w - 2*d = -0*w - 17, 5*d + 38 = 4*w. Calculate the greatest common factor of i and w.
7
Suppose -3*l + 0*d + 2*d = -18, 12 = 2*l + 5*d. What is the greatest common divisor of 42 and l?
6
Suppose 0 = w - 7*w + 126. Calculate the highest common divisor of 7 and w.
7
Suppose -a - 4*a - 5*o - 125 = 0, 5*a + 4*o = -128. Let n be 4/(-14) - 1184/a. What is the highest common divisor of 14 and n?
14
Suppose 0 = 4*l - 638 - 394. Suppose -3*p - 3*r = r - 404, 0 = 2*p - 3*r - l. Calculate the greatest common divisor of p and 12.
12
Let k = 63 + -42. What is the greatest common divisor of k and 28?
7
Let y(o) be the second derivative of -o**4/12 - 2*o**3/3 + 3*o**2/2 - 2*o. Let t be y(-3). What is the greatest common factor of 42 and t?
6
Let t(i) = -113*i - 1. Let s be t(-1). Suppose -5*o + 40 = -3*x, -o = 4*x - 10 + 25. Let g = x + 19. What is the greatest common factor of g and s?
14
Suppose 6 + 15 = -3*a. Let d(z) = -2*z - 3. Let s be d(a). What is the highest common factor of s and 99?
11
Let v(w) = 2*w**2 + 20*w + 8. Let r be v(-11). Calculate the greatest common divisor of r and 15.
15
Let a(d) = d**2 - 4*d + 8. Suppose 5*p + 5*g = 3*p + 6, -4*p = -5*g + 48. Let x be a(p). Suppose -s = 4*s - x. What is the greatest common factor of 136 and s?
17
Suppose -4*t - 20 = -2*z, -4*z + 4*t + 20 = -0. Let v be 2 - (1 + z)*-30. Suppose -6*g = -2*g - v. What is the highest common factor of g and 40?
8
Suppose 2*d = 3*s - 316, -3*d + 4 = -8. What is the highest common factor of s and 12?
12
Let o be 2/(-6) - (-11)/(-3). Let a be 8*3*(-2)/o. What is the greatest common divisor of a and 24?
12
Let y(c) = -c**2 - 4*c - 1. Let t be y(-4). Let f(o) be the third derivative of -o**4 - o**2. Let z be f(t). Calculate the highest common divisor of 6 and z.
6
Let i be 50 - (2 + 0/(-2)). Suppose 3*a - i = 63. Let j = 51 + a. What is the highest common factor of 11 and j?
11
Let m(r) = -37*r**3 - r**2 + r + 1. Let a be m(-1). Calculate the highest common factor of 24 and a.
12
Let g = -146 - -161. What is the highest common divisor of g and 20?
5
Let o = 93 + -57. Calculate the highest common divisor of o and 18.
18
Suppose 0 = 2*v - 4 - 2. Let w be v/(-1 + 66/63). Calculate the highest common factor of w and 9.
9
Let y(c) = -25*c**3 - c**2. Let b be y(-1). Calculate the highest common factor of b and 216.
24
Suppose -3*n + 3*o + 188 = 4*o, -5*n + 318 = -3*o. What is the greatest common factor of 21 and n?
21
Let m be 4/6 - 25/(-3). Let h = -5 + 7. Suppose 3 = 3*a - h*a. What is the greatest common divisor of a and m?
3
Let b(p) = -29*p - 6. Let v be b(-4). Suppose -o + 6 = o. Suppose -4*l - o*i - i + 32 = 0, -2*i = -4*l + 44. What is the greatest common factor of v and l?
10
Let o be (397 - (2 + -1)) + 26 + -26. What is the greatest common divisor of 36 and o?
36
Let f = 3 + 49. Suppose 4*c + f = 3*v, 3*c + 3 = -0*c. What is the greatest common divisor of v and 176?
16
Suppose 0 = -6*l + 5*l + 6. Suppose -37 = -5*y + 53. What is the highest common factor of l and y?
6
Let k be (-4)/(-5)*10/4. Suppose -k*y + 2*i + 20 = 0, 4*y + 3*i - 12 = -0*i. What is the highest common divisor of y and 3?
3
Let m be 1/(-3) + 0 - 527/(-51). Calculate the highest common divisor of 10 and m.
10
Suppose -4*b + 2 = f - 2, -b = 5. Suppose -7*w = -4*w - f. What is the highest common factor of w and 20?
4
Suppose -2*c - 12 = -3*h + c, -10 = 5*c. Let a(x) = -6*x**h - x**3 - x**2 + 3*x + 8 + 4*x. Let w be a(-8). What is the greatest common factor of w and 176?
16
Let y = 10 - 7. Calculate the greatest common factor of 27 and y.
3
Let m be ((-6)/(-4))/((-20)/(-360)). Let l be -3*(3*2)/(-1). What is the greatest common factor of m and l?
9
Let i = -21 - -25. Calculate the highest common factor of i and 44.
4
Suppose 5*w = -r + 75, -4*w + w - 5*r + 67 = 0. Calculate the greatest common factor of 112 and w.
14
Let a(k) = -k - 4. Let w be a(0). Let t = w - -7. Suppose -4*z = 5*d - 52, -5*d = -t*z + 7 - 3. What is the highest common divisor of 64 and z?
8
Let s(j) = j**3 + 9*j**2 + 6*j - 10. Let x be s(-8). What is the greatest common divisor of 9 and x?
3
Let g = -18 - -11. Let o(q) be the third derivative of -q**5/60 - q**4/3 + q**3/3 + q**2. Let z be o(g). Calculate the highest common factor of z and 45.
9
Suppose 0 = 4*n - 7*n - 210. Let t be 18/(-5)*n/2. Calculate the greatest common factor of t and 14.
14
Suppose -4 = -2*i + 68. Calculate the greatest common divisor of 4 and i.
4
Suppose w + 21 = 2*w. Let t = 15 + -12. What is the greatest common factor of t and w?
3
Suppose -3*b + 8*b - 5*k - 105 = 0, k + 4 = 0. Calculate the greatest common factor of 34 and b.
17
Suppose 3 = 3*j, 4*j = 3*n + 5*j - 691. What is the greatest common divisor of 23 and n?
23
Suppose 3*i + 3*s - 15 = 0, -4*s = 3*i - 7 - 4. Let u be -2*-1*(-6)/(-4). What is the highest common divisor of u and i?
3
Let a be ((-2)/3)/((-46)/1311). Let p(j) = 12*j**3 - j + 1. Let g be p(2). What is the greatest common factor of g and a?
19
Suppose r - 7 = -3. Suppose -5*c + 6 = -4. Suppose k + 4*t - 32 = 0, 46 = 3*k + 4*t - c*t. Calculate the highest common divisor of r and k.
4
Suppose 342 = 3*a + 3*p, -4*a + 0*p = -p - 446. Calculate the highest common factor of a and 28.
28
Let v(p) = p**2 - 6*p - 3. Let q be v(7). Suppose -5*i = -3*g + 57, 4*i = q*g - 0*i - 68. What is the highest common divisor of 42 and g?
14
Let f be 65 + -4*2/(-2). What is the highest common divisor of f and 23?
23
Let k(l) be the third derivative of -l**5/60 + 13*l**4/24 + 2*l**3/3 + 8*l**2. Let n be k(11). Calculate the greatest common divisor of n and 182.
26
Let o(w) be the second derivative of -7*w**3/6 - 9*w**2/2 + 5*w. Let m be o(-7). What is the greatest common divisor of 16 and m?
8
Suppose -989 = -5*h - 329. Let y = h + -90. Calculate the highest common divisor of 7 and y.
7
Let o be (-76 + (-3 - 1))*-1. What is the highest common factor of 20 and o?
20
Suppose w + 154 = 5*q, 4*q - 112 = -0*q - 2*w. Let f be (2/4)/((-2)/(-480)). What is the highest common divisor of f and q?
30
Suppose -3*c = -c + 2540. Let g = c - -2666. Let n be g/12 - 4/(-6). What is the greatest common factor of n and 13?
13
Suppose -51*b + 820 = -47*b. Calculate the greatest common factor of 41 and b.
41
Suppose -4*c - 4 = -12. Let m(b) = -b**2 - 2*b**c + 4*b**2 + 0*b**2 - 2 + 4*b. Let u be m(-6). What is the highest common factor of u and 70?
10
Let n(q) = 3*q**2 - 3*q - 20. Let o be n(5). What is the highest common divisor of o